{"id":565,"date":"2025-06-15T21:11:37","date_gmt":"2025-06-15T19:11:37","guid":{"rendered":"https:\/\/gruene-porta-westfalica.de\/?page_id=565"},"modified":"2025-06-15T21:11:37","modified_gmt":"2025-06-15T19:11:37","slug":"frauen-in-der-kommunalpolitik","status":"publish","type":"page","link":"https:\/\/gruene-porta-westfalica.de\/?page_id=565","title":{"rendered":"Frauen in der Kommunalpolitik"},"content":{"rendered":"\n<a id=\"#frauen\"><\/a>\n\n\n\n<h2 class=\"wp-block-heading\">Gleichberechtigung vor Ort verwirklichen<\/h2>\n\n\n\n<p>\u00dcber 100 Jahre nach Einf\u00fchrung des Frauenwahlrechts ist der Anteil von Frauen in der Politik weiterhin deutlich zu gering \u2013 auch in Porta Westfalica. Im aktuellen Rat sitzen nur sechs Frauen unter 39 Mitgliedern. Vier davon geh\u00f6ren unserer Partei an. F\u00fcr uns ist klar: Eine lebendige Demokratie braucht die Perspektiven aller Geschlechter.<\/p>\n\n\n\n<p><strong>Was wir erreichen wollen:<\/strong><\/p>\n\n\n\n<p><strong>Parit\u00e4tische Gremienbesetzung durch klare Regeln<\/strong><\/p>\n\n\n\n<p>\u2022&nbsp;Wir streben eine geschlechtergerechte Besetzung aller kommunalpolitischen Gremien an.<\/p>\n\n\n\n<p>\u2022&nbsp;Das Rei\u00dfverschlussprinzip soll bei der Besetzung von Aussch\u00fcssen und Fraktionsposten konsequent angewendet werden.<\/p>\n\n\n\n<p>\u2022&nbsp;Gleichstellung ist f\u00fcr uns keine Frage des Geldes, sondern des politischen Willens.<\/p>\n\n\n\n<p>\u2022&nbsp;Wir m\u00f6chten ein Mentoringprogramm aufbauen, getragen von Fraktion und Stadtverband, das interessierten Frauen einen Einstieg in kommunalpolitisches Engagement erleichtert.<\/p>\n\n\n\n<p><strong>Vereinbarkeit von Familie, Beruf und Politik verbessern<\/strong><\/p>\n\n\n\n<p>\u2022&nbsp;Wir setzen uns daf\u00fcr ein, dass bei Rats- und Ausschusssitzungen eine bedarfsgerechte Kinderbetreuung angeboten wird.<\/p>\n\n\n\n<p>\u2022&nbsp;Fraktionssitzungen und Projektgruppen sollen \u2013 wo rechtlich zul\u00e4ssig \u2013 auch digital oder hybrid m\u00f6glich sein.<\/p>\n\n\n\n<p>\u2022&nbsp;So wollen wir insbesondere Menschen mit Sorgeverpflichtungen besser einbinden.<\/p>\n\n\n\n<p><strong>Care-Arbeit sichtbar machen \u2013 Auswirkungen ber\u00fccksichtigen<\/strong><\/p>\n\n\n\n<p>\u2022&nbsp;Sorgearbeit ist eine tragende S\u00e4ule unserer Gesellschaft \u2013 wird aber meist unsichtbar geleistet. Wir wollen das \u00e4ndern.<\/p>\n\n\n\n<p>\u2022&nbsp;Bei st\u00e4dtischen Beteiligungsverfahren sollen Uhrzeiten, Orte und Formate auch f\u00fcr Menschen mit Care-Verpflichtungen zug\u00e4nglich sein.<\/p>\n\n\n\n<p><strong>Warum wir das tun<\/strong><\/p>\n\n\n\n<p>\u2022&nbsp;Weil vielf\u00e4ltig besetzte R\u00e4te bessere Entscheidungen treffen \u2013 und damit f\u00fcr alle B\u00fcrger*innen mehr erreichen.<\/p>\n\n\n\n<p>\u2022&nbsp;Weil Frauen andere Perspektiven in Fragen der Sicherheit, der Stadtentwicklung oder der sozialen Infrastruktur einbringen.<\/p>\n\n\n\n<p>\u2022&nbsp;Weil Gleichstellung keine Nebensache ist \u2013 sondern ein Qualit\u00e4tsmerkmal moderner Kommunalpolitik.<\/p>\n","protected":false},"excerpt":{"rendered":"<p>Gleichberechtigung vor Ort verwirklichen \u00dcber 100 Jahre nach Einf\u00fchrung des Frauenwahlrechts ist der Anteil von Frauen in der Politik weiterhin deutlich zu gering \u2013 auch in Porta Westfalica. Im aktuellen [&hellip;]<\/p>\n","protected":false},"author":2,"featured_media":508,"parent":491,"menu_order":0,"comment_status":"closed","ping_status":"closed","template":"","meta":{"footnotes":""},"class_list":["post-565","page","type-page","status-publish","has-post-thumbnail","hentry"],"_links":{"self":[{"href":"https:\/\/gruene-porta-westfalica.de\/index.php?rest_route=\/wp\/v2\/pages\/565","targetHints":{"allow":["GET"]}}],"collection":[{"href":"https:\/\/gruene-porta-westfalica.de\/index.php?rest_route=\/wp\/v2\/pages"}],"about":[{"href":"https:\/\/gruene-porta-westfalica.de\/index.php?rest_route=\/wp\/v2\/types\/page"}],"author":[{"embeddable":true,"href":"https:\/\/gruene-porta-westfalica.de\/index.php?rest_route=\/wp\/v2\/users\/2"}],"replies":[{"embeddable":true,"href":"https:\/\/gruene-porta-westfalica.de\/index.php?rest_route=%2Fwp%2Fv2%2Fcomments&post=565"}],"version-history":[{"count":0,"href":"https:\/\/gruene-porta-westfalica.de\/index.php?rest_route=\/wp\/v2\/pages\/565\/revisions"}],"up":[{"embeddable":true,"href":"https:\/\/gruene-porta-westfalica.de\/index.php?rest_route=\/wp\/v2\/pages\/491"}],"wp:featuredmedia":[{"embeddable":true,"href":"https:\/\/gruene-porta-westfalica.de\/index.php?rest_route=\/wp\/v2\/media\/508"}],"wp:attachment":[{"href":"https:\/\/gruene-porta-westfalica.de\/index.php?rest_route=%2Fwp%2Fv2%2Fmedia&parent=565"}],"curies":[{"name":"wp","href":"https:\/\/api.w.org\/{rel}","templated":true}]}}